{"id":1613,"date":"2014-01-31T11:06:49","date_gmt":"2014-01-31T10:06:49","guid":{"rendered":"https:\/\/www.jesushuertadesoto.com\/?page_id=1613"},"modified":"2025-12-07T14:15:48","modified_gmt":"2025-12-07T13:15:48","slug":"eficiencia-y-justicia-del-capitalismo","status":"publish","type":"articulo","link":"https:\/\/www.jesushuertadesoto.com\/en\/articles\/articles-in-spanish\/eficiencia-y-justicia-del-capitalismo\/","title":{"rendered":"Eficiencia y justicia del capitalismo"},"content":{"rendered":"<p style=\"text-align: center;\"><strong>EFICIENCIA Y JUSTICIA DEL CAPITALISMO<\/strong><\/p>\n<p><a title=\"1.Introducci\u00f3n.\" href=\"https:\/\/www.jesushuertadesoto.com\/articulos\/articulos-en-espanol\/eficiencia\/1-introduccion\/\">1.Introducci\u00f3n.<\/a><br \/>\n<a title=\"2.El fracaso del consecuencialismo cientificista.\" href=\"https:\/\/www.jesushuertadesoto.com\/articulos\/articulos-en-espanol\/eficiencia\/2-el-fracaso-del-consecuencialismo-cientificista\/\">2.El fracaso del consecuencialismo cientificista.<\/a><br \/>\n<a title=\"3.La fundamentaci\u00f3n \u00e9tica de la libertad.\" href=\"https:\/\/www.jesushuertadesoto.com\/articulos\/articulos-en-espanol\/eficiencia\/3-la-fundamentacion-etica-de-la-libertad\/\">3.La fundamentaci\u00f3n \u00e9tica de la libertad.<\/a><br \/>\n<a title=\"4.La posibilidad de elaborar una teor\u00eda de la \u00e9tica social.\" href=\"https:\/\/www.jesushuertadesoto.com\/articulos\/articulos-en-espanol\/eficiencia\/4-la-posibilidad-de-elaborar-una-teoria-de-la-etica-social\/\">4.La posibilidad de elaborar una teor\u00eda de la \u00e9tica social.<\/a><br \/>\n<a title=\"5.La aportaci\u00f3n esencial de Kirzner en el campo de la \u00e9tica.\" href=\"https:\/\/www.jesushuertadesoto.com\/articulos\/articulos-en-espanol\/eficiencia\/5-la-aportacion-esencial-de-kirzner-en-el-campo-de-la-etica\/\">5.La aportaci\u00f3n esencial de Kirzner en el campo de la \u00e9tica.<\/a><br \/>\n<a title=\"6.La doctrina social de la Iglesia Cat\u00f3lica y la aportaci\u00f3n de Kirzner.\" href=\"https:\/\/www.jesushuertadesoto.com\/articulos\/articulos-en-espanol\/eficiencia\/6-la-doctrina-social-de-la-iglesia-catolica-y-la-aportacion-de-kirzner\/\">6.La doctrina social de la Iglesia Cat\u00f3lica y la aportaci\u00f3n de Kirzner.<\/a><br \/>\n<a title=\"7. Kirzner y el supuesto relativismo de los principios \u00e9ticos seg\u00fan las circunstancias hist\u00f3ricas.\" href=\"https:\/\/www.jesushuertadesoto.com\/articulos\/articulos-en-espanol\/eficiencia\/7-kirzner-y-el-supuesto-relativismo-de-los-principios-eticos-segun-las-circunstancias-historicas\/\">7. Kirzner y el supuesto relativismo de los principios \u00e9ticos seg\u00fan las circunstancias hist\u00f3ricas.<\/a><br \/>\n<a title=\"8. La aplicaci\u00f3n de la teor\u00eda kirzneriana de la empresarialidad al surgimiento de las instituciones y comportamientos morales.\" href=\"https:\/\/www.jesushuertadesoto.com\/articulos\/articulos-en-espanol\/eficiencia\/8-la-aplicacion-de-la-teoria-kirzneriana-de-la-empresarialidad-al-surgimiento-de-las-instituciones-y-comportamientos-morales\/\">8. La aplicaci\u00f3n de la teor\u00eda kirzneriana de la empresarialidad al surgimiento de las instituciones y comportamientos morales.<\/a><br \/>\n<a title=\"9. Conclusi\u00f3n\" href=\"https:\/\/www.jesushuertadesoto.com\/articulos\/articulos-en-espanol\/eficiencia\/9-conclusion\/\">9. Conclusi\u00f3n<\/a><\/p>\n<p>&#8220;S\u00f3lo podr\u00e1 reproducirse total o parcialmente el contenido de este trabajo citando expresamente a su autor y al medio en donde fue originalmente publicado (indicado, en su caso, en la secci\u00f3n de bibliograf\u00eda del Curriculum vitae). A quienes incumplan esta condici\u00f3n les ser\u00e1n aplicados las leyes civiles y penales que correspondan, a parte de las procedentes indemnizaciones por da\u00f1os y perjuicios&#8221;.<\/p>\n","protected":false},"featured_media":0,"parent":1216,"menu_order":0,"template":"","article-language":[1281],"class_list":["post-1613","articulo","type-articulo","status-publish","hentry","article-language-spanish"],"acf":[],"_links":{"self":[{"href":"https:\/\/www.jesushuertadesoto.com\/en\/wp-json\/wp\/v2\/articulo\/1613","targetHints":{"allow":["GET"]}}],"collection":[{"href":"https:\/\/www.jesushuertadesoto.com\/en\/wp-json\/wp\/v2\/articulo"}],"about":[{"href":"https:\/\/www.jesushuertadesoto.com\/en\/wp-json\/wp\/v2\/types\/articulo"}],"up":[{"embeddable":true,"href":"https:\/\/www.jesushuertadesoto.com\/en\/wp-json\/wp\/v2\/articulo\/1216"}],"wp:attachment":[{"href":"https:\/\/www.jesushuertadesoto.com\/en\/wp-json\/wp\/v2\/media?parent=1613"}],"wp:term":[{"taxonomy":"article-language","embeddable":true,"href":"https:\/\/www.jesushuertadesoto.com\/en\/wp-json\/wp\/v2\/article-language?post=1613"}],"curies":[{"name":"wp","href":"https:\/\/api.w.org\/{rel}","templated":true}]}}

<p style="text-align: center;"><strong>EFICIENCIA Y JUSTICIA DEL CAPITALISMO</strong></p>
<p><a title="1.Introducción." href="https://www.jesushuertadesoto.com/articulos/articulos-en-espanol/eficiencia/1-introduccion/">1.Introducción.</a><br />
<a title="2.El fracaso del consecuencialismo cientificista." href="https://www.jesushuertadesoto.com/articulos/articulos-en-espanol/eficiencia/2-el-fracaso-del-consecuencialismo-cientificista/">2.El fracaso del consecuencialismo cientificista.</a><br />
<a title="3.La fundamentación ética de la libertad." href="https://www.jesushuertadesoto.com/articulos/articulos-en-espanol/eficiencia/3-la-fundamentacion-etica-de-la-libertad/">3.La fundamentación ética de la libertad.</a><br />
<a title="4.La posibilidad de elaborar una teoría de la ética social." href="https://www.jesushuertadesoto.com/articulos/articulos-en-espanol/eficiencia/4-la-posibilidad-de-elaborar-una-teoria-de-la-etica-social/">4.La posibilidad de elaborar una teoría de la ética social.</a><br />
<a title="5.La aportación esencial de Kirzner en el campo de la ética." href="https://www.jesushuertadesoto.com/articulos/articulos-en-espanol/eficiencia/5-la-aportacion-esencial-de-kirzner-en-el-campo-de-la-etica/">5.La aportación esencial de Kirzner en el campo de la ética.</a><br />
<a title="6.La doctrina social de la Iglesia Católica y la aportación de Kirzner." href="https://www.jesushuertadesoto.com/articulos/articulos-en-espanol/eficiencia/6-la-doctrina-social-de-la-iglesia-catolica-y-la-aportacion-de-kirzner/">6.La doctrina social de la Iglesia Católica y la aportación de Kirzner.</a><br />
<a title="7. Kirzner y el supuesto relativismo de los principios éticos según las circunstancias históricas." href="https://www.jesushuertadesoto.com/articulos/articulos-en-espanol/eficiencia/7-kirzner-y-el-supuesto-relativismo-de-los-principios-eticos-segun-las-circunstancias-historicas/">7. Kirzner y el supuesto relativismo de los principios éticos según las circunstancias históricas.</a><br />
<a title="8. La aplicación de la teoría kirzneriana de la empresarialidad al surgimiento de las instituciones y comportamientos morales." href="https://www.jesushuertadesoto.com/articulos/articulos-en-espanol/eficiencia/8-la-aplicacion-de-la-teoria-kirzneriana-de-la-empresarialidad-al-surgimiento-de-las-instituciones-y-comportamientos-morales/">8. La aplicación de la teoría kirzneriana de la empresarialidad al surgimiento de las instituciones y comportamientos morales.</a><br />
<a title="9. Conclusión" href="https://www.jesushuertadesoto.com/articulos/articulos-en-espanol/eficiencia/9-conclusion/">9. Conclusión</a></p>
<p>&#8220;Sólo podrá reproducirse total o parcialmente el contenido de este trabajo citando expresamente a su autor y al medio en donde fue originalmente publicado (indicado, en su caso, en la sección de bibliografía del Curriculum vitae). A quienes incumplan esta condición les serán aplicados las leyes civiles y penales que correspondan, a parte de las procedentes indemnizaciones por daños y perjuicios&#8221;.</p>
